= l + h, -l - 2*l - 4*h = -82. Let k = l - -19. Calculate the remainder when k is divided by d(-3).
19
Let g = 203 - 77. Let c be 2 - (-1 - -3)*-2. Suppose g = c*k - 258. Calculate the remainder when k is divided by 22.
20
Let a(u) = -u**3 - 2*u**2 + 5*u + 3. Let q = 58 + -143. Let z = -41 - q. Calculate the remainder when z is divided by a(-4).
14
Let k be 2/(-6)*(-6 - -6). Suppose k*w = -7*w + 28. Calculate the remainder when 17 is divided by w.
1
Calculate the remainder when (27/15)/(21/910) is divided by ((-54)/(-8))/((-1)/(-4)).
24
Let h(s) = 7*s - 63. What is the remainder when 627 is divided by h(14)?
32
Let m = -349 - -487. Calculate the remainder when m is divided by 36.
30
Suppose 18 + 3 = 3*h. Suppose 5*c = -5*a - 30, -a + 5*a + 3*c + 21 = 0. Let r(z) = z + 7. Calculate the remainder when h is divided by r(a).
3
Let z(j) = 6*j**3 - 17*j**2 + 40*j - 2. Calculate the remainder when z(4) is divided by 17.
15
Let j = 22 - 13. Let i = 5 - 6. Calculate the remainder when 6/(1/(-4)*i) is divided by j.
6
Suppose -133 - 302 = -5*s. What is the remainder when s is divided by (7 - 40)/(-4*18/(-24)*-1)?
10
Let v be 2 + (-1 - -16) + 3. Let t = -5 + v. Suppose -130 = -34*c + 29*c. Calculate the remainder when c is divided by t.
11
Let n(o) = o**2 - 155. Let v be n(0). Let p = 235 + v. Suppose 15 = 5*r - p. Calculate the remainder when 73 is divided by r.
16
Suppose 6*w - 123 - 27 = 0. Suppose 0 = g - w - 2. Calculate the remainder when 77 is divided by g.
23
Let d(f) be the third derivative of -f**5/60 - f**4/3 + 13*f**3/6 - f**2. Calculate the remainder when 8*2/(-10)*(-50)/8 is divided by d(-9).
2
Let l = 20 - 8. Suppose 0 = -12*p + 14*p - l. What is the remainder when p is divided by 4?
2
Let c be 6*(-4 + 18/4). Suppose 56 + 13 = c*w. Calculate the remainder when w is divided by 6.
5
What is the remainder when 72 is divided by ((-12)/3)/(-32) + 318/16?
12
Let y(u) = -u**3 + 5*u + 2. Let c be (-1 - 0)*1*3. Suppose 0 = a - 14*a + 520. What is the remainder when a is divided by y(c)?
12
Suppose -4*q + 55 - 7 = 0. Suppose 3*m = o - 2*o + 135, -m + 4*o + 45 = 0. Calculate the remainder when m is divided by q.
9
Let q(l) = l**3 - 36*l**2 + 14. Calculate the remainder when 105 is divided by q(36).
7
Let u be (6/(-4))/((-5)/10). Suppose -3*m - 2*m = 20, 0 = -u*w - 2*m - 14. Calculate the remainder when 39 is divided by (-5)/(-1)*(6 + w).
19
Suppose -k + 157 = 3*u + 21, -2*u = 5*k - 82. What is the remainder when (-5 + u/(-10))/(1/(-10)) is divided by (-1)/4 - (-133)/4?
30
Let u(m) = -7*m + 129. Calculate the remainder when 293 is divided by u(2).
63
Let y(o) = -o**3 - 6*o**2 + 11*o - 4. Let d be y(-9). Suppose -5*n + n = -d. What is the remainder when 207 is divided by n?
32
Suppose -180 = -2*b + 5*y - 42, 0 = y. Calculate the remainder when 127 is divided by b.
58
Suppose 0*r = -5*v + r + 393, -3 = r. What is the remainder when v is divided by 16?
14
Let g(r) = -r**3 - 11*r**2 + 10*r + 7. Let p be -13 + 1 + 1 + -1. Calculate the remainder when g(p) is divided by 14.
3
Suppose 3*j - 54 = -z, 5*z + j = z + 161. What is the remainder when z is divided by (-20)/(-3)*-18*3/(-30)?
3
Let b be 2 - 4/(-4) - -5. Calculate the remainder when (-476)/b*4/(-2) is divided by 24.
23
Let l(d) = -19*d - 1. Let t = -464 - -483. Calculate the remainder when l(-4) is divided by t.
18
Let h(g) be the first derivative of 17*g**3/3 - 2*g**2 + 4*g + 4. What is the remainder when 48 is divided by h(1)?
14
Let v = 29 + -14. Let j be 2/17 + 3 + (-726)/102. What is the remainder when (-9)/(-3)*j/((-16)/76) is divided by v?
12
Let d = -74 - -108. Suppose 4*i - d - 26 = 0. Suppose -i = -a + 59. What is the remainder when a is divided by 19?
17
Let j be 52/(-182) - (0 - (-438)/(-14)). Suppose -b + 4*g = -j, 5*b - 5*g - 80 = -0*b. What is the remainder when 39 is divided by b?
6
Let y(s) = s**3 + 16*s**2 - 19*s - 28. What is the remainder when 16 is divided by y(-17)?
4
Let l = 1154 + -445. What is the remainder when l is divided by 71?
70
Suppose y = -n + 16, -3*y = -3*n - 10 + 52. Suppose -n = -2*t + 113. Let f = 134 - t. What is the remainder when f is divided by 18?
16
Suppose 5*a - y = 9824, 0*a - 9821 = -5*a + 4*y. Calculate the remainder when a is divided by 123.
120
Suppose 5*o = 5*j + 260, 3*o + 4*j - 5*j - 166 = 0. Let c(n) = 2*n**2 - n - 3. What is the remainder when o is divided by c(3)?
9
Let f = -297 - -309. What is the remainder when 190 is divided by f?
10
Suppose 5*l - 36 = 2*l. Suppose 15 = 5*c, -o + l - 4 = -2*c. What is the remainder when 55 is divided by o?
13
Calculate the remainder when ((-1272)/18)/(4/(-3)) + 4 is divided by 5.
2
Let a(w) = 3*w**2 - w. Suppose p = -h + 137, -20 = -35*h + 40*h. What is the remainder when p is divided by a(3)?
21
Let h(j) = -21 + 6 + 2*j + 12. Let a(o) = 75*o - 1. Calculate the remainder when a(1) is divided by h(11).
17
Let l(p) = 13*p**2 + 7*p - 9. Suppose -5*t + 27 = 4*t. Calculate the remainder when l(t) is divided by 26.
25
Let v(g) = g + 1. Let t be v(2). Suppose 54 = 3*y + t*w, y + 2*w + 2 - 24 = 0. Calculate the remainder when 69 is divided by y.
13
Let v = -18 - -30. Let j(k) = 7*k**2 - k - 1. Let i be 0 + -2 + -2 + 3. Calculate the remainder when v is divided by j(i).
5
Suppose 0 = -2*f - 0*f - h + 2, -4*h = 3*f - 13. What is the remainder when 8 is divided by f/(4/10 - (-22)/(-30))?
2
Suppose 0 = 2*v - 9*v + 2975. Calculate the remainder when v is divided by 108.
101
Suppose -3*a = 5*i + 110, i - 88 = 5*i - 4*a. Let u = i + 25. Suppose 0 = u*t + 3*y - 3, -3*t + 8 = -5*y - 11. What is the remainder when t is divided by 1?
0
Let t be ((-4)/6)/(17/18 + -1). Suppose t = 3*n, x - 6*x + 2*n = -347. Calculate the remainder when x is divided by 18.
17
Suppose -27*w = -21*w - 108. What is the remainder when 215 is divided by w?
17
Let z(r) = 2*r + 10. Suppose c + 0*c = -11. Let w be z(c). What is the remainder when 2 + (-4)/(w/87) is divided by 8?
7
Suppose 0*n + 68 = -4*p - 4*n, -4*p - n = 71. Let a = p + 75. What is the remainder when a is divided by 15?
12
Suppose 0 = -d - 1, i - 5*d - 10 = 4. What is the remainder when 139 is divided by 35 - 3/i*-3?
31
Let w = -10 - -8. Let a(b) = 6*b + 1. Let c be a(w). Calculate the remainder when 31 is divided by -2 - (c - 4/2).
9
Suppose 12 = -0*v + 3*v. Suppose v*h + c = -3*c + 44, 3*c + 72 = 4*h. Calculate the remainder when h is divided by 6.
3
Let w be (-4)/18 + (-430)/90. Let u = w + 15. Let r = 65 + -61. Calculate the remainder when u is divided by r.
2
Let n(k) = 5*k + 573. Calculate the remainder when n(47) is divided by 90.
88
What is the remainder when 165 is divided by 40 - 23/(46/12)?
29
Let q(w) = w**2 + 3*w + 1. Let g be q(-4). Suppose 5*j - g*f = 35, j - 20 = -5*f - 1. Suppose 5*p = 98 + 67. Calculate the remainder when p is divided by j.
6
Let a = 30 + -26. Suppose 0 = 2*v + 5*b - a, 4*b - 6 = b. What is the remainder when 36 is divided by 280/15 + (-1)/v?
17
Let w be 9*2/6 + -1. Let n(l) = 3*l**2 + 4. What is the remainder when 47 is divided by n(w)?
15
Let f = -880 - -956. What is the remainder when 223 is divided by f?
71
Suppose -b - 2*k + 10 = -0*b, 5*b + 3*k = 36. Suppose -5*j + 182 = b*r - 3*r, -r - j + 64 = 0. Calculate the remainder when r is divided by 18.
15
Let d = 3 + -8. Let n = d + 6. Calculate the remainder when 42 is divided by 9/(-6)*(-11 + n).
12
Let r = 18 + 5. Suppose -27 = -4*c - r. What is the remainder when (c + -2 + 2)*3 is divided by 1?
0
Let d(r) = 4*r**2 - 1. Calculate the remainder when 22 is divided by d(2).
7
Suppose -4*q + 2*q = 0. Suppose 5*l - 26 = -q*v + v, 4*v = l - 66. Calculate the remainder when (24/v)/(1/(-6)) is divided by 5.
4
Suppose 0 = -0*u - u + 144. Suppose -u = -a - 3*a. Suppose -79 = -5*f - 2*y + 458, 5*y = -2*f + 219. Calculate the remainder when f is divided by a.
35
Let l(q) = -q**3 + 8*q**2 - 7*q + 6. Calculate the remainder when (-67)/(-3) - ((-8)/3 - -3) is divided by l(7).
4
Let s(u) = 7*u. Let h(l) = -l. Let o(d) = -6*h(d) - s(d). What is the remainder when 3 + (-1748)/(-60) - (-8)/(-60) is divided by o(-7)?
4
Let f = -28 - -28. Suppose -5*u + 117 - 32 = f. What is the remainder when 65 is divided by u?
14
Suppose 0 = -u - 21 + 51. Calculate the remainder when 53 is divided by u.
23
Let n(y) = -y + 53. What 